. Is k prime?
False
Let j be (9/(-2))/(3/6). Let x be (6/j)/((-8)/36). Suppose -l = -x*l + 434. Is l a composite number?
True
Let h(r) = -2184*r - 155. Is h(-7) prime?
False
Suppose -5*q = 4*y + 34, 19 + 2 = -y + 5*q. Let z = y - -11. Is z + (0 - 4) - -513 a prime number?
True
Suppose -3*q = -d, -d = 2*d - 3*q - 6. Suppose -4*h + 5*p = -221, -d*h - 157 = -6*h + 2*p. Is h prime?
False
Is (2/6)/(7/31773) composite?
True
Is -2*2/(-6) - (-13688)/24 prime?
True
Suppose -84*v + 51034 = -46*v. Is v prime?
False
Let k be (-18)/(-72) + (-134)/(-8). Suppose k*a + 1151 = 18*a. Is a a prime number?
True
Let d(b) = b**2 - 7*b + 13. Let v be d(6). Suppose 25 = -2*c + v*c. Suppose 4*w - p - 258 = 0, -p = -c*w - 4*p + 331. Is w a prime number?
False
Let h = 18 + -15. Let o(v) = -3*v - h - 6 + 2*v**2 + 8 + v**3. Is o(4) a composite number?
False
Let i be 1/(-4)*2*-8. Suppose 1123 + 393 = i*s. Is s prime?
True
Suppose 3*w = 8*w + 25. Let x(u) = -164*u + 10. Let s be x(w). Is s/12 - (-10)/(-60) composite?
True
Suppose -3*m = -g - 2 - 7, -4*g - 4*m - 20 = 0. Let p(a) = -a**3 - 7*a**2 - 6*a - 2. Let j be p(g). Is (j/1)/(20/(-2230)) prime?
True
Let q = -32694 - -101179. Is q composite?
True
Suppose 2*m - 6*m + 5*k = -15, -4*m + 3*k + 9 = 0. Let u = 88 + -6. Suppose m = -2*l + 4*w + u, l = -5*w + 3*w + 21. Is l a composite number?
False
Let v(o) = o**2 - 20*o + 24. Let k be v(19). Let z be 2/3 - 143/(-33). Suppose h + 3*h = k*p + 1544, 0 = -z*h - 2*p + 1897. Is h a composite number?
True
Suppose 870 = 12*s - 6*s. Is s composite?
True
Let p(j) be the third derivative of j**6/60 - 3*j**5/20 - j**4/8 - 11*j**3/6 + 29*j**2. Is p(8) a prime number?
False
Suppose 18*g - 102655 = -5*m + 13*g, 61591 = 3*m + 4*g. Is m prime?
True
Let q = 58729 + -30612. Is q prime?
False
Let n = -115 + 384. Suppose -3*m + 2*i + n = 0, -2*m - 3*m + 446 = -i. Is m composite?
False
Let u(s) = -4*s + 31. Let z be u(-16). Suppose 2*a + 2*t - 104 = 0, -2*a - t + z = -2*t. Is a a prime number?
False
Let c = 11 - 7. Suppose 6*p - c*p = -4*q + 3910, -2*p = q - 3901. Is p prime?
True
Suppose -3*k - 3441 = -0*k. Suppose 4224 = -9*v + 3*v. Let a = v - k. Is a a composite number?
False
Let f(u) = -u**2 - 9*u - 21. Let p be f(-4). Let q(z) be the third derivative of 25*z**5/12 + z**3/3 + z**2. Is q(p) prime?
True
Suppose 0 = 151*m - 153*m + 2638. Is m composite?
False
Let v(z) be the third derivative of z**6/120 + 2*z**5/15 - z**4/24 + 7*z**3/6 - 4*z**2. Suppose 3*t = 3*h - 15, 2*t + 0*h - 5*h + 1 = 0. Is v(t) prime?
False
Let n = -17 - -11. Let l be 29/(-1)*(7 + n). Let s = -3 - l. Is s composite?
True
Is ((-1)/(-2))/(-3 - 2345500/(-781832)) a composite number?
False
Let l be 32/112 - 110/(-7). Suppose x + 4*c = 16, 0*c = -3*x + 4*c - l. Suppose x = u - 85 - 214. Is u a prime number?
False
Let b(k) = -470*k + 683. Is b(-21) composite?
True
Let w be 8 + (0 + 3)/3. Let h = -9 + w. Suppose 4*b + h*b = 2*k - 142, -k + 4*b = -63. Is k a composite number?
False
Let s be 4162/(0 + 6/51). Suppose w = -16*w + s. Is w a prime number?
True
Suppose 13*x + 10*x - 6*x = 0. Let v(k) = -4*k + 230. Let o(p) = p - 77. Let w(h) = -7*o(h) - 2*v(h). Is w(x) composite?
False
Is 3/2*(-462316)/(-123) a prime number?
False
Is (-3)/((-27)/203199) + (-12)/18 composite?
True
Let o(l) = 205*l**2 - 3*l + 1. Suppose -3*f = 3*j - 0*f + 78, -2*j + 2*f = 36. Let v = j - -24. Is o(v) prime?
False
Let b = -450 + 87. Let s = 624 + b. Let z = s - -58. Is z a prime number?
False
Suppose 0 = 4*x + 5*h - 443, 2*h + 3*h - 219 = -2*x. Suppose -5*m = -173 - x. Is m a prime number?
False
Is 5 - 6 - (-1635 - (0 + 3)) a prime number?
True
Let i(d) = 10*d - 13*d**2 - 8*d**3 + 11*d**2 + 7*d**3 + 3. Is i(-7) prime?
False
Let p be (35/(-28))/(4/(-16)). Suppose 2*t = p*w - 0*w - 1987, 3*t = 4*w - 1591. Is w a prime number?
True
Let r = 3 - -4. Suppose -11*u = -r*u. Suppose n - 4*n + 471 = u. Is n composite?
False
Let z = -47 - -54. Suppose -z*x + 6*x + 1535 = 0. Is x composite?
True
Suppose -g + 0 = -1. Let z(w) = -1. Let h(n) = -40*n + 16. Let l(m) = g*h(m) + 3*z(m). Is l(-6) composite?
True
Let r = 2923 + -1260. Is r a prime number?
True
Let z = -947 - -383. Let x = -307 - z. Is x composite?
False
Let d be (5 - (-1 + 1))/(1/3). Suppose -d*i + 1713 = -12*i. Is i a composite number?
False
Suppose -14*y + 37586 + 23650 = 0. Suppose -2*b - 6062 = -5*f, -486 = -4*f - b + y. Is f composite?
True
Let t(b) = -2*b - 1. Let d be t(-5). Suppose d = m + 2*m. Suppose -4*f + m*a + 4188 = -a, f + 4*a = 1057. Is f composite?
False
Let l = -30 - -33. Let i(h) be the third derivative of h**5/20 - h**4/8 + h**3/6 + h**2. Is i(l) a prime number?
True
Let b = 8007 - 5690. Is b composite?
True
Suppose 54*r = 39*r + 1430655. Is r a composite number?
True
Suppose b = -4*p + 3, -3*p + 11 = -5*b + 4*b. Suppose -7*n + 2*n = -3*t - 2557, -3*n + p*t + 1535 = 0. Is n a composite number?
False
Let t be (2/(-3))/(1/24). Let p = 41 - 4. Let a = t + p. Is a a prime number?
False
Let j(f) = 76*f - 13. Suppose u - 8 + 3 = 0. Is j(u) composite?
False
Let i(u) = 25*u + 26. Let g(r) = 2*r + 9. Let x(z) = -5*z - 18. Let d(t) = 11*g(t) + 6*x(t). Let w(a) = -17*d(a) - 6*i(a). Is w(-5) a prime number?
True
Let n(s) = 38*s**2 - 37. Is n(15) a prime number?
True
Let o(k) = 122*k**2 + 19*k - 65. Is o(8) composite?
True
Let p = 5738 - -381. Is p prime?
False
Let t(y) = y**3 - 10*y**2 + 10*y + 1. Let q be t(9). Let p = q - 12. Is (2 + 0/p)*79 prime?
False
Suppose -2*b + 7007 = -5*x + 56902, -5*x + 4*b = -49905. Is x composite?
True
Suppose 3*j - d = 87, 0*d + 2*d = -6. Suppose j + 79 = q. Suppose -4*w + 257 + q = 0. Is w a prime number?
False
Let f = 29 + -9. Let a be (0 - -1)/(2/(-12)). Let g = f + a. Is g composite?
True
Let m(o) = o**3 + 0*o**2 - o**2 + 2*o**2 - 2*o**2. Let t(g) = 12*g**3 - 7*g**2 - 6*g + 12. Let q(k) = -6*m(k) + t(k). Is q(5) composite?
True
Suppose -934 + 66784 = 30*x. Is x a composite number?
True
Let h(f) = 61*f**3 + 4*f**2 - 6*f + 5. Is h(2) composite?
True
Suppose 19*k = 17*k + 10858. Suppose 5*w + 5*h = 6820, -h + k = 4*w - 6*h. Is w prime?
True
Let j(n) = -4*n**2 - 2*n + 1. Let t be j(1). Let v(u) = -105*u + 10. Is v(t) prime?
False
Let b(d) = -d**2 + 2*d + 3. Let u be ((0 - -2) + -2)/(-3). Let l be b(u). Suppose 5*p = 5*j - 895, j - 2*p = -l*j + 714. Is j a composite number?
True
Let c = -26 + 14. Let w = 17 + c. Suppose b + 158 = 3*q, 3*q - 270 = -2*q - w*b. Is q a prime number?
True
Let y = 17557 + -9586. Is y a prime number?
False
Let n(t) = 2*t**2 - 15*t - 6. Let y be n(8). Suppose y*h - 720 = 2*a - 2528, -3*h + 2730 = 3*a. Is a a prime number?
True
Suppose 3*c - 586 = 5*n, -2*c + 3*n + 100 + 292 = 0. Suppose 0 = o - c + 17. Is o a prime number?
False
Is 4 + 143047 + (-21 - -23) prime?
True
Let k(z) = -z - 1. Let f be k(-5). Let l be ((-2)/4)/((-6)/60). Suppose -4*x + 6*w = 2*w - 60, -l*x + 79 = -f*w. Is x prime?
True
Let w(d) = -109*d - 6. Let r be w(4). Let t = r + 693. Is t a prime number?
True
Let t = 2697 - 1692. Is (t/6)/(2/4) a composite number?
True
Suppose -8*v = 19*v - 191457. Is v composite?
True
Let x(o) = -28*o + 22. Let g be 44/(-6) - (-4)/(-6). Let y be ((-12)/g)/(3/(-18)). Is x(y) prime?
False
Let q(c) = 2*c**3 - 4*c**2 + 5*c + 4. Let z(o) = 3*o**3 - 7*o**2 + 10*o + 7. Let d(i) = 11*q(i) - 6*z(i). Is d(3) composite?
True
Let v be 128/(-6)*546/(-28). Suppose 0 = -s - q + v, 3*s + q - 2*q = 1236. Is s a prime number?
False
Suppose 54958 = r - 5871. Is r a composite number?
True
Is -6 + (-214460)/(-16) - 3/4 a prime number?
True
Suppose -n - 4*n + 16870 = 0. Let t = n - 171. Is t prime?
True
Let v = -7045 + 9863. Is v composite?
True
Suppose -4*a + 7573 = 2441. Is a a prime number?
True
Let s(d) = -d**3 + 5*d**2 + 2*d - 6. Let b be s(5). Let v = 66 + 9. Suppose -385 = -b*y + v. Is y prime?
False
Let l = 16425 - 6439. Is l composite?
True
Suppose 19*b - 192520 = 16993. Is b composite?
False
Let j be (48/(-2))/((-13)/2743). Suppose 4*k + 6330 = 5*h, -4*h - 3*k + j = 31. Is h a composite number?
True
Let g = -1658 + 6287. Is g prime?
False
Suppose 0 = -2*m - 2*m - 159524. Is (-2)/(-11) - m/209 a prime number?
True
Suppose 9*w = -3166 + 11932. Is w a composite number?
True
Let d be 0 + ((-3)/(-2))/((-9)/(-3540)). Suppose 4*i - d = 5006. Is i a composite 